{"id":4398985,"date":"2025-08-21T09:57:48","date_gmt":"2025-08-21T07:57:48","guid":{"rendered":"https:\/\/desw.ersigroup.com\/politica-marco-de-rrhh-y-politica-social\/"},"modified":"2026-02-04T07:32:25","modified_gmt":"2026-02-04T06:32:25","slug":"politique-rh-et-politique-sociale","status":"publish","type":"page","link":"https:\/\/www.ersigroup.com\/fr\/politique-rh-et-politique-sociale\/","title":{"rendered":"Politique RH et Politique Sociale"},"content":{"rendered":"<p>[et_pb_section fb_built=\u00a0\u00bb1&Prime; _builder_version=\u00a0\u00bb4.27.5&Prime; _module_preset=\u00a0\u00bbdefault\u00a0\u00bb background_color=\u00a0\u00bbrgba(255,255,255,0.75)\u00a0\u00bb background_image=\u00a0\u00bbhttps:\/\/www.ersigroup.com\/wp-content\/uploads\/2025\/11\/Cabecera-Sostenibilidad.jpeg\u00a0\u00bb background_blend=\u00a0\u00bbsoft-light\u00a0\u00bb custom_margin=\u00a0\u00bb||||false|false\u00a0\u00bb custom_padding=\u00a0\u00bb||||false|false\u00a0\u00bb hover_enabled=\u00a0\u00bb0&Prime; da_disable_devices=\u00a0\u00bboff|off|off\u00a0\u00bb global_colors_info=\u00a0\u00bb{}\u00a0\u00bb module_id=\u00a0\u00bbfixcabecera\u00a0\u00bb sticky_enabled=\u00a0\u00bb0&Prime; da_is_popup=\u00a0\u00bboff\u00a0\u00bb da_exit_intent=\u00a0\u00bboff\u00a0\u00bb da_has_close=\u00a0\u00bbon\u00a0\u00bb da_alt_close=\u00a0\u00bboff\u00a0\u00bb da_dark_close=\u00a0\u00bboff\u00a0\u00bb da_not_modal=\u00a0\u00bbon\u00a0\u00bb da_is_singular=\u00a0\u00bboff\u00a0\u00bb da_with_loader=\u00a0\u00bboff\u00a0\u00bb da_has_shadow=\u00a0\u00bbon\u00a0\u00bb][et_pb_row _builder_version=\u00a0\u00bb4.27.4&Prime; _module_preset=\u00a0\u00bbdefault\u00a0\u00bb global_colors_info=\u00a0\u00bb{}\u00a0\u00bb][et_pb_column type=\u00a0\u00bb4_4&Prime; _builder_version=\u00a0\u00bb4.27.4&Prime; _module_preset=\u00a0\u00bbdefault\u00a0\u00bb global_colors_info=\u00a0\u00bb{}\u00a0\u00bb][et_pb_text _builder_version=\u00a0\u00bb4.27.5&Prime; _module_preset=\u00a0\u00bbdefault\u00a0\u00bb global_colors_info=\u00a0\u00bb{}\u00a0\u00bb]<\/p>\n<h1 style=\"text-align: center;\">Politique RH et Politique Sociale<br \/>\n<\/h1>\n<p>[\/et_pb_text][dsm_breadcrumbs align=\u00a0\u00bbcenter\u00a0\u00bb _builder_version=\u00a0\u00bb4.27.4&Prime; _module_preset=\u00a0\u00bbdefault\u00a0\u00bb items_font=\u00a0\u00bb|600|||||||\u00a0\u00bb items_text_color=\u00a0\u00bb#111111&Prime; separators_text_color=\u00a0\u00bb#cccccc\u00a0\u00bb global_colors_info=\u00a0\u00bb{}\u00a0\u00bb][\/dsm_breadcrumbs][\/et_pb_column][\/et_pb_row][\/et_pb_section][et_pb_section fb_built=\u00a0\u00bb1&Prime; _builder_version=\u00a0\u00bb4.27.4&Prime; _module_preset=\u00a0\u00bbdefault\u00a0\u00bb da_disable_devices=\u00a0\u00bboff|off|off\u00a0\u00bb global_colors_info=\u00a0\u00bb{}\u00a0\u00bb da_is_popup=\u00a0\u00bboff\u00a0\u00bb da_exit_intent=\u00a0\u00bboff\u00a0\u00bb da_has_close=\u00a0\u00bbon\u00a0\u00bb da_alt_close=\u00a0\u00bboff\u00a0\u00bb da_dark_close=\u00a0\u00bboff\u00a0\u00bb da_not_modal=\u00a0\u00bbon\u00a0\u00bb da_is_singular=\u00a0\u00bboff\u00a0\u00bb da_with_loader=\u00a0\u00bboff\u00a0\u00bb da_has_shadow=\u00a0\u00bbon\u00a0\u00bb][et_pb_row _builder_version=\u00a0\u00bb4.27.5&Prime; _module_preset=\u00a0\u00bbdefault\u00a0\u00bb global_colors_info=\u00a0\u00bb{}\u00a0\u00bb][et_pb_column type=\u00a0\u00bb4_4&Prime; _builder_version=\u00a0\u00bb4.27.5&Prime; _module_preset=\u00a0\u00bbdefault\u00a0\u00bb global_colors_info=\u00a0\u00bb{}\u00a0\u00bb][et_pb_text _builder_version=\u00a0\u00bb4.27.5&Prime; _module_preset=\u00a0\u00bbdefault\u00a0\u00bb global_colors_info=\u00a0\u00bb{}\u00a0\u00bb]<\/p>\n<p><span>Le cadre\u00a0<strong>politique RH et politique sociale<\/strong>\u00a0du groupe ERSI a pour objectif de d\u00e9finir, concevoir et diffuser un mod\u00e8le de gestion des ressources humaines du groupe permettant de capter, de promouvoir et de fid\u00e9liser les talents et de favoriser la croissance personnelle et professionnelle de tous. ils font partie de l&rsquo;\u00e9quipe humaine du groupe, en les int\u00e9grant dans le projet de r\u00e9ussite de l&rsquo;entreprise et en leur garantissant un travail d\u00e9cent et s\u00fbr, sachant en m\u00eame temps que l&rsquo;action sociale doit fournir des propositions efficaces, dans le cadre de leurs propres responsabilit\u00e9s, aux d\u00e9fis des communaut\u00e9s o\u00f9 ils travaillent. Par cons\u00e9quent, il d\u00e9crit le contenu strat\u00e9gique des initiatives de son personnel et de son environnement social, est essentiellement souple et dynamique pouvant s\u2019adapter \u00e0 diff\u00e9rentes situations.<\/span><\/p>\n<p><span>Pour atteindre les objectifs susmentionn\u00e9s, le Groupe assume et promeut les principes suivants qui devraient r\u00e9gir la gestion de son capital humain et social:<\/span><\/p>\n<p><span>Garantir le bien-\u00eatre de tous les travailleurs en respectant les exigences de la certification IFC, de la l\u00e9gislation nationale et des accords internationaux sign\u00e9s par le pays, tels que ceux de l&rsquo;Organisation internationale du travail (OIT).<\/span><\/p>\n<p><span>Le d\u00e9veloppement de processus RH homog\u00e8nes qui progressent dans la mise en \u0153uvre de la culture de la soci\u00e9t\u00e9 dans tous les pays dans lesquels le groupe est implant\u00e9, dans le respect des sp\u00e9cificit\u00e9s locales et du cadre particulier de renforcement de l&rsquo;autonomie des soci\u00e9t\u00e9s cot\u00e9es en sous-traitance.<\/span><\/p>\n<p><span>La conception d&rsquo;une offre de valeur, favorisant la s\u00e9lection, l&#8217;embauche et la r\u00e9tention de talents, compos\u00e9e d&rsquo;une r\u00e9mun\u00e9ration concurrentielle, d&rsquo;un environnement de travail bas\u00e9 sur l&rsquo;\u00e9galit\u00e9 des chances, du projet d&rsquo;entreprise, de l&rsquo;\u00e9quilibre entre la vie personnelle et professionnelle et la conciliation.<\/span><\/p>\n<p><span>Il n&rsquo;y aura pas de discrimination dans le recrutement du personnel en raison de la race, de l&rsquo;origine, de la nationalit\u00e9, de la couleur, de la religion, de l&rsquo;orientation sexuelle ou de l&rsquo;\u00e9tat civil et ils ne limiteront pas leur droit \u00e0 la libre organisation.<\/span><\/p>\n<p><span>Une attention particuli\u00e8re est accord\u00e9e \u00e0 la d\u00e9tection, au d\u00e9veloppement et \u00e0 la pr\u00e9paration des talents \u00e0 tous les niveaux, afin d\u2019acqu\u00e9rir des responsabilit\u00e9s au sein de notre organisation, par le biais de plans de carri\u00e8re, de formation en entreprise, etc.<\/span><\/p>\n<p><span>\u00c9limination de toute forme de harc\u00e8lement moral ou sexuel.<\/span><\/p>\n<p><span>Seules les personnes majeures seront embauch\u00e9es, de pr\u00e9f\u00e9rence les r\u00e9sidents des communaut\u00e9s voisines, qui, avec leurs familles, auront acc\u00e8s aux services de sant\u00e9 et d\u2019\u00e9ducation.<\/span><\/p>\n<p><span>Consolidation des emplois stables et de qualit\u00e9.<\/span><\/p>\n<p><span>Le groupe ERSI facilite un juste \u00e9quilibre entre vie personnelle et vie professionnelle, non seulement parce qu&rsquo;il renforce la satisfaction et l&rsquo;engagement, mais \u00e9galement pour am\u00e9liorer la productivit\u00e9, motiver et attirer les employ\u00e9s.<\/span><\/p>\n<p><span>Assurer une r\u00e9mun\u00e9ration juste et comp\u00e9titive.<\/span><\/p>\n<p><span>Les heures suppl\u00e9mentaires, les jours de vacances, les vacances et les autres droits \u00e9tablis par la loi sont reconnus pour tous les travailleurs temporaires et permanents.<\/span><\/p>\n<p><span>Le groupe ERSI reconna\u00eet la libert\u00e9 d&rsquo;association de ses travailleurs et le droit de n\u00e9gociation collective dans le cadre juridique local.<\/span><\/p>\n<p><span>Coh\u00e9rence entre l&rsquo;entreprise et les besoins de la communaut\u00e9, en assurant l&rsquo;adaptation flexible des besoins et des demandes locaux au d\u00e9veloppement durable de notre activit\u00e9.<\/span><\/p>\n<p><span>Garantir l&rsquo;int\u00e9grit\u00e9 et le comportement professionnel de GRUPO ERSI et de ses professionnels, tant dans leurs actions que dans leurs d\u00e9cisions.<\/span><\/p>\n<p>[\/et_pb_text][\/et_pb_column][\/et_pb_row][\/et_pb_section]<\/p>\n","protected":false},"excerpt":{"rendered":"<p>Politique RH et Politique Sociale <div class=\"et_pb_module dsm_breadcrumbs dsm_breadcrumbs_0\">\n\t\t\t\t\n\t\t\t\t\n\t\t\t\t\n\t\t\t\t\n\t\t\t\t\n\t\t\t\t\n\t\t\t\t<div class=\"et_pb_module_inner\">\n\t\t\t\t\t<nav class=\"dsm_breadcrumbs_wrap\">\n\t\t\t\t<ul class=\"dsm_breadcrumbs\" itemscope itemtype=\"https:\/\/schema.org\/BreadcrumbList\">\t\t\t<li class=\"dsm_breadcrumbs_item dsm_home_item dsm_home_item_custom\" itemprop=\"itemListElement\" itemscope\n\t\t\titemtype=\"https:\/\/schema.org\/ListItem\">\n\t\t\t\t<a href=\"https:\/\/www.ersigroup.com\/fr\/\" itemprop=\"item\" target=\"\">\n\t\t\t\t\t<span class='dsm_home_text_wrapper'>\n\t\t\t\t\t\t\t\t\t\t\t\t\t<span class=\"et-pb-icon dsm_home_icon\">\ue009<\/span>\n\t\t\t\t\t\t\t\t\t\t\t\t\t<span class=\"dsm_home_text\" itemprop=\"name\">\n\t\t\t\t\t\t\t\tHome\t\t\t\t\t\t\t<\/span>\n\t\t\t\t\t<\/span>\n\t\t\t\t<\/a>\n\t\t\t\t<meta itemprop=\"position\" content=\"1\" \/>\n\t\t\t<\/li>\n\n\t\t<li class=\"dsm_breadcrumbs_separator\"> <span class=\"et-pb-icon dsm_separator_icon\">5<\/span><\/li><\/ul>\n\t\t\t<\/nav>\n\t\t\t\t<\/div>\n\t\t\t<\/div>Le cadre\u00a0politique RH et politique sociale\u00a0du groupe ERSI a pour objectif de d\u00e9finir, concevoir et diffuser un mod\u00e8le de gestion des ressources humaines du groupe permettant de capter, de promouvoir et de fid\u00e9liser les talents et de favoriser la croissance personnelle et professionnelle de tous. ils font partie de l&rsquo;\u00e9quipe humaine du groupe, en les int\u00e9grant dans le projet de r\u00e9ussite de l&rsquo;entreprise et en leur garantissant un travail d\u00e9cent et s\u00fbr, sachant en m\u00eame temps que l&rsquo;action sociale doit fournir des propositions efficaces, dans le cadre de leurs propres responsabilit\u00e9s, aux d\u00e9fis des communaut\u00e9s o\u00f9 ils travaillent. Par cons\u00e9quent, il d\u00e9crit le contenu strat\u00e9gique des initiatives de son personnel et de son environnement social, est essentiellement souple et dynamique pouvant s\u2019adapter \u00e0 diff\u00e9rentes situations. Pour atteindre les objectifs susmentionn\u00e9s, le Groupe assume et promeut les principes suivants qui devraient r\u00e9gir la gestion de son capital humain et social: Garantir le bien-\u00eatre de tous les travailleurs en respectant les exigences de la certification IFC, de la l\u00e9gislation nationale et des accords internationaux sign\u00e9s par le pays, tels que ceux de l&rsquo;Organisation internationale du travail (OIT). Le d\u00e9veloppement de [&hellip;]<\/p>\n","protected":false},"author":1,"featured_media":0,"parent":0,"menu_order":0,"comment_status":"closed","ping_status":"closed","template":"","meta":{"_et_pb_use_builder":"on","_et_pb_old_content":"","_et_gb_content_width":"","footnotes":""},"class_list":["post-4398985","page","type-page","status-publish","hentry"],"_links":{"self":[{"href":"https:\/\/www.ersigroup.com\/fr\/wp-json\/wp\/v2\/pages\/4398985","targetHints":{"allow":["GET"]}}],"collection":[{"href":"https:\/\/www.ersigroup.com\/fr\/wp-json\/wp\/v2\/pages"}],"about":[{"href":"https:\/\/www.ersigroup.com\/fr\/wp-json\/wp\/v2\/types\/page"}],"author":[{"embeddable":true,"href":"https:\/\/www.ersigroup.com\/fr\/wp-json\/wp\/v2\/users\/1"}],"replies":[{"embeddable":true,"href":"https:\/\/www.ersigroup.com\/fr\/wp-json\/wp\/v2\/comments?post=4398985"}],"version-history":[{"count":6,"href":"https:\/\/www.ersigroup.com\/fr\/wp-json\/wp\/v2\/pages\/4398985\/revisions"}],"predecessor-version":[{"id":4402866,"href":"https:\/\/www.ersigroup.com\/fr\/wp-json\/wp\/v2\/pages\/4398985\/revisions\/4402866"}],"wp:attachment":[{"href":"https:\/\/www.ersigroup.com\/fr\/wp-json\/wp\/v2\/media?parent=4398985"}],"curies":[{"name":"wp","href":"https:\/\/api.w.org\/{rel}","templated":true}]}}

<p>[et_pb_section fb_built= »1&Prime; _builder_version= »4.27.5&Prime; _module_preset= »default » background_color= »rgba(255,255,255,0.75) » background_image= »https://www.ersigroup.com/wp-content/uploads/2025/11/Cabecera-Sostenibilidad.jpeg » background_blend= »soft-light » custom_margin= »||||false|false » custom_padding= »||||false|false » hover_enabled= »0&Prime; da_disable_devices= »off|off|off » global_colors_info= »{} » module_id= »fixcabecera » sticky_enabled= »0&Prime; da_is_popup= »off » da_exit_intent= »off » da_has_close= »on » da_alt_close= »off » da_dark_close= »off » da_not_modal= »on » da_is_singular= »off » da_with_loader= »off » da_has_shadow= »on »][et_pb_row _builder_version= »4.27.4&Prime; _module_preset= »default » global_colors_info= »{} »][et_pb_column type= »4_4&Prime; _builder_version= »4.27.4&Prime; _module_preset= »default » global_colors_info= »{} »][et_pb_text _builder_version= »4.27.5&Prime; _module_preset= »default » global_colors_info= »{} »]</p>
<h1 style="text-align: center;">Politique RH et Politique Sociale<br />
</h1>
<p>[/et_pb_text][dsm_breadcrumbs align= »center » _builder_version= »4.27.4&Prime; _module_preset= »default » items_font= »|600||||||| » items_text_color= »#111111&Prime; separators_text_color= »#cccccc » global_colors_info= »{} »][/dsm_breadcrumbs][/et_pb_column][/et_pb_row][/et_pb_section][et_pb_section fb_built= »1&Prime; _builder_version= »4.27.4&Prime; _module_preset= »default » da_disable_devices= »off|off|off » global_colors_info= »{} » da_is_popup= »off » da_exit_intent= »off » da_has_close= »on » da_alt_close= »off » da_dark_close= »off » da_not_modal= »on » da_is_singular= »off » da_with_loader= »off » da_has_shadow= »on »][et_pb_row _builder_version= »4.27.5&Prime; _module_preset= »default » global_colors_info= »{} »][et_pb_column type= »4_4&Prime; _builder_version= »4.27.5&Prime; _module_preset= »default » global_colors_info= »{} »][et_pb_text _builder_version= »4.27.5&Prime; _module_preset= »default » global_colors_info= »{} »]</p>
<p><span>Le cadre <strong>politique RH et politique sociale</strong> du groupe ERSI a pour objectif de définir, concevoir et diffuser un modèle de gestion des ressources humaines du groupe permettant de capter, de promouvoir et de fidéliser les talents et de favoriser la croissance personnelle et professionnelle de tous. ils font partie de l&rsquo;équipe humaine du groupe, en les intégrant dans le projet de réussite de l&rsquo;entreprise et en leur garantissant un travail décent et sûr, sachant en même temps que l&rsquo;action sociale doit fournir des propositions efficaces, dans le cadre de leurs propres responsabilités, aux défis des communautés où ils travaillent. Par conséquent, il décrit le contenu stratégique des initiatives de son personnel et de son environnement social, est essentiellement souple et dynamique pouvant s’adapter à différentes situations.</span></p>
<p><span>Pour atteindre les objectifs susmentionnés, le Groupe assume et promeut les principes suivants qui devraient régir la gestion de son capital humain et social:</span></p>
<p><span>Garantir le bien-être de tous les travailleurs en respectant les exigences de la certification IFC, de la législation nationale et des accords internationaux signés par le pays, tels que ceux de l&rsquo;Organisation internationale du travail (OIT).</span></p>
<p><span>Le développement de processus RH homogènes qui progressent dans la mise en œuvre de la culture de la société dans tous les pays dans lesquels le groupe est implanté, dans le respect des spécificités locales et du cadre particulier de renforcement de l&rsquo;autonomie des sociétés cotées en sous-traitance.</span></p>
<p><span>La conception d&rsquo;une offre de valeur, favorisant la sélection, l&#8217;embauche et la rétention de talents, composée d&rsquo;une rémunération concurrentielle, d&rsquo;un environnement de travail basé sur l&rsquo;égalité des chances, du projet d&rsquo;entreprise, de l&rsquo;équilibre entre la vie personnelle et professionnelle et la conciliation.</span></p>
<p><span>Il n&rsquo;y aura pas de discrimination dans le recrutement du personnel en raison de la race, de l&rsquo;origine, de la nationalité, de la couleur, de la religion, de l&rsquo;orientation sexuelle ou de l&rsquo;état civil et ils ne limiteront pas leur droit à la libre organisation.</span></p>
<p><span>Une attention particulière est accordée à la détection, au développement et à la préparation des talents à tous les niveaux, afin d’acquérir des responsabilités au sein de notre organisation, par le biais de plans de carrière, de formation en entreprise, etc.</span></p>
<p><span>Élimination de toute forme de harcèlement moral ou sexuel.</span></p>
<p><span>Seules les personnes majeures seront embauchées, de préférence les résidents des communautés voisines, qui, avec leurs familles, auront accès aux services de santé et d’éducation.</span></p>
<p><span>Consolidation des emplois stables et de qualité.</span></p>
<p><span>Le groupe ERSI facilite un juste équilibre entre vie personnelle et vie professionnelle, non seulement parce qu&rsquo;il renforce la satisfaction et l&rsquo;engagement, mais également pour améliorer la productivité, motiver et attirer les employés.</span></p>
<p><span>Assurer une rémunération juste et compétitive.</span></p>
<p><span>Les heures supplémentaires, les jours de vacances, les vacances et les autres droits établis par la loi sont reconnus pour tous les travailleurs temporaires et permanents.</span></p>
<p><span>Le groupe ERSI reconnaît la liberté d&rsquo;association de ses travailleurs et le droit de négociation collective dans le cadre juridique local.</span></p>
<p><span>Cohérence entre l&rsquo;entreprise et les besoins de la communauté, en assurant l&rsquo;adaptation flexible des besoins et des demandes locaux au développement durable de notre activité.</span></p>
<p><span>Garantir l&rsquo;intégrité et le comportement professionnel de GRUPO ERSI et de ses professionnels, tant dans leurs actions que dans leurs décisions.</span></p>
<p>[/et_pb_text][/et_pb_column][/et_pb_row][/et_pb_section]</p>

<p>Politique RH et Politique Sociale <div class="et_pb_module dsm_breadcrumbs dsm_breadcrumbs_0">
				
				
				
				
				
				
				<div class="et_pb_module_inner">
					<nav class="dsm_breadcrumbs_wrap">
				<ul class="dsm_breadcrumbs" itemscope itemtype="https://schema.org/BreadcrumbList">			<li class="dsm_breadcrumbs_item dsm_home_item dsm_home_item_custom" itemprop="itemListElement" itemscope
			itemtype="https://schema.org/ListItem">
				<a href="https://www.ersigroup.com/fr/" itemprop="item" target="">
					<span class='dsm_home_text_wrapper'>
													<span class="et-pb-icon dsm_home_icon"></span>
													<span class="dsm_home_text" itemprop="name">
								Home							</span>
					</span>
				</a>
				<meta itemprop="position" content="1" />
			</li>

		<li class="dsm_breadcrumbs_separator"> <span class="et-pb-icon dsm_separator_icon">5</span></li></ul>
			</nav>
				</div>
			</div>Le cadre politique RH et politique sociale du groupe ERSI a pour objectif de définir, concevoir et diffuser un modèle de gestion des ressources humaines du groupe permettant de capter, de promouvoir et de fidéliser les talents et de favoriser la croissance personnelle et professionnelle de tous. ils font partie de l&rsquo;équipe humaine du groupe, en les intégrant dans le projet de réussite de l&rsquo;entreprise et en leur garantissant un travail décent et sûr, sachant en même temps que l&rsquo;action sociale doit fournir des propositions efficaces, dans le cadre de leurs propres responsabilités, aux défis des communautés où ils travaillent. Par conséquent, il décrit le contenu stratégique des initiatives de son personnel et de son environnement social, est essentiellement souple et dynamique pouvant s’adapter à différentes situations. Pour atteindre les objectifs susmentionnés, le Groupe assume et promeut les principes suivants qui devraient régir la gestion de son capital humain et social: Garantir le bien-être de tous les travailleurs en respectant les exigences de la certification IFC, de la législation nationale et des accords internationaux signés par le pays, tels que ceux de l&rsquo;Organisation internationale du travail (OIT). Le développement de [&hellip;]</p>
